{"id":3263,"date":"2016-01-31T11:57:31","date_gmt":"2016-01-31T10:57:31","guid":{"rendered":"http:\/\/..\/?page_id=3263"},"modified":"2019-06-03T13:46:17","modified_gmt":"2019-06-03T12:46:17","slug":"depistage-organise-du-cancer","status":"publish","type":"page","link":"http:\/\/www.iconemediationsante.fr\/icone-new\/?page_id=3263","title":{"rendered":"D\u00e9pistage organis\u00e9 des cancers"},"content":{"rendered":"<h2>Descriptif d\u00e9pistage organis\u00e9 des cancers<\/h2>\n<p>Nous avons particip\u00e9 pour l\u2019ADECI 35 \u00e0 la mise en oeuvre des campagnes de d\u00e9pistage des cancers du sein depuis 1994, du colorectal depuis 2001 et du col de l&rsquo;ut\u00e9rus depuis 2017. De nombreux travaux de recherches et publications ont \u00e9t\u00e9 r\u00e9alis\u00e9s avec les \u00e9quipes universitaires de Rennes (Professeur Jean Fran\u00e7ois Bretagne, Professeur Jacques Chaperon et Fran\u00e7oise Riou) et de Dijon (Professeur Jean Faivre).<\/p>\n<p>\u00a0<\/p>\n<p>L\u2019\u00e9quipe a particip\u00e9 tr\u00e8s activement avec le Professeur Faivre \u00e0 l\u2019exp\u00e9rimentation pilote 2008-2010 sur l\u2019int\u00e9r\u00eat des tests immunologiques ayant abouti \u00e0 la g\u00e9n\u00e9ralisation du test en France en 2015.<\/p>\n<p>\u00a0<\/p>\n<p>Nous avons \u00e9galement men\u00e9 sur le sujet\u00a0 des prestations de conseil \u00e0 l\u2019organisation pour d\u2019autres d\u00e9partements, ainsi que des \u00e9tudes (faisabilit\u00e9 de nouveaux programmes de d\u00e9pistage, motifs de non participation \u2026).\u00a0<\/p>\n<p>\u00a0<\/p>\n<p>De multiples publications ont \u00e9t\u00e9 r\u00e9alis\u00e9es sur ces sujets.<\/p>\n<h2>Nos r\u00e9f\u00e9rences<\/h2>\n<ul>\n<li><strong>Participation \u00e0 l\u2019organisation du programme de d\u00e9pistage organis\u00e9 des cancers en Ille et Vilaine\u00a0: <\/strong>Les m\u00e9decins d\u2019Icone M\u00e9diation sant\u00e9 sont impliqu\u00e9s dans l&rsquo;\u2019organisation, le suivi et l&rsquo;\u00e9valuation de la campagne de d\u00e9pistage des cancers du sein aupr\u00e8s de l\u2019Association pour le D\u00e9pistage des Cancers en Ille et Vilaine (ADECI) depuis 1994 pour le sein, 2001 pour le colorectal, 2017 pour le col de l\u2019ut\u00e9rus. Depuis 2019, l&rsquo;ADECI 35 est devenue l&rsquo;antenne d\u00e9partementale du Centre R\u00e9gional de D\u00e9pistage des cancers bretons. <em><strong>Pour plus d&rsquo;informations sur les d\u00e9pistages organis\u00e9s : <\/strong><strong><a style=\"color: #ad0e0e; text-decoration: underline;\" href=\"http:\/\/www.adeci35.fr\" target=\"_blank\" rel=\"noopener noreferrer\">cliquer ici<\/a><\/strong><\/em><\/li>\n<\/ul>\n<p>\u00a0<\/p>\n<ul>\n<li><strong>Conseil campagnes de d\u00e9pistage du cancer du sein dans plusieurs d\u00e9partements : <\/strong>Conseil \u00e0 l\u2019organisation et \u00e0 l\u2019\u00e9valuation de campagnes de d\u00e9pistage pour les d\u00e9partements du Finist\u00e8re \u2013 Morbihan \u2013 C\u00f4tes d\u2019Armor (en 2003) ;\u00a0\u00a0 Vend\u00e9e \u2013 Sa\u00f4ne et Loire (de 1998 \u00e0 1999)\u00a0et Sarthe (de 1991 \u00e0 1999)<\/li>\n<\/ul>\n<p>\u00a0<\/p>\n<ul>\n<li><strong>Conseil \u00e0 la mise en place d\u2019une campagne de d\u00e9pistage du cancer du c\u00f4lon dans le Morbihan<\/strong>\u2013 2006<\/li>\n<\/ul>\n<p>\u00a0<\/p>\n<ul>\n<li><strong>Etude multicentrique d\u00e9pistage cancer colorectal : <\/strong>Etude test immunologique compar\u00e9 au test h\u00e9moccult dans le d\u00e9pistage du cancer du c\u00f4lon, INCA \u2013 2009<\/li>\n<\/ul>\n<p>\u00a0<\/p>\n<ul>\n<li><strong>Etude cancer du col de l\u2019ut\u00e9rus : <\/strong>Etude d\u2019opportunit\u00e9 et de faisabilit\u00e9 d\u2019un programme int\u00e9gr\u00e9 de lutte contre le cancer du col de l\u2019ut\u00e9rus, Ille-et-Vilaine \u2013 2010<\/li>\n<\/ul>\n<p>\u00a0<\/p>\n<ul>\n<li><strong>Etude sociologique sur les motifs de non participation aux d\u00e9pistages organis\u00e9s : <\/strong>Etude exploratoire concernant les m\u00e9thodes d\u2019approches et les motifs de non participation ou de participation diff\u00e9r\u00e9e aux d\u00e9pistages organis\u00e9s (cancers du sein et du c\u00f4lon), ADECI 35 \u2013 2009<\/li>\n<\/ul>\n","protected":false},"excerpt":{"rendered":"<p>Descriptif d\u00e9pistage organis\u00e9 des cancers Nous avons particip\u00e9 pour l\u2019ADECI 35 \u00e0 la mise en oeuvre des campagnes de d\u00e9pistage des cancers du sein depuis 1994, du colorectal depuis 2001 et du col de l&rsquo;ut\u00e9rus depuis 2017. De nombreux travaux de recherches et publications ont \u00e9t\u00e9 r\u00e9alis\u00e9s avec les \u00e9quipes\u2026<\/p>\n<p> <a class=\"continue-reading-link\" href=\"http:\/\/www.iconemediationsante.fr\/icone-new\/?page_id=3263\"><span>Lire la suite<\/span><i class=\"icon-right-dir\"><\/i><\/a><\/p>\n","protected":false},"author":1,"featured_media":0,"parent":4350,"menu_order":0,"comment_status":"closed","ping_status":"closed","template":"","meta":[],"tags":[],"_links":{"self":[{"href":"http:\/\/www.iconemediationsante.fr\/icone-new\/index.php?rest_route=\/wp\/v2\/pages\/3263"}],"collection":[{"href":"http:\/\/www.iconemediationsante.fr\/icone-new\/index.php?rest_route=\/wp\/v2\/pages"}],"about":[{"href":"http:\/\/www.iconemediationsante.fr\/icone-new\/index.php?rest_route=\/wp\/v2\/types\/page"}],"author":[{"embeddable":true,"href":"http:\/\/www.iconemediationsante.fr\/icone-new\/index.php?rest_route=\/wp\/v2\/users\/1"}],"replies":[{"embeddable":true,"href":"http:\/\/www.iconemediationsante.fr\/icone-new\/index.php?rest_route=%2Fwp%2Fv2%2Fcomments&post=3263"}],"version-history":[{"count":19,"href":"http:\/\/www.iconemediationsante.fr\/icone-new\/index.php?rest_route=\/wp\/v2\/pages\/3263\/revisions"}],"predecessor-version":[{"id":5330,"href":"http:\/\/www.iconemediationsante.fr\/icone-new\/index.php?rest_route=\/wp\/v2\/pages\/3263\/revisions\/5330"}],"up":[{"embeddable":true,"href":"http:\/\/www.iconemediationsante.fr\/icone-new\/index.php?rest_route=\/wp\/v2\/pages\/4350"}],"wp:attachment":[{"href":"http:\/\/www.iconemediationsante.fr\/icone-new\/index.php?rest_route=%2Fwp%2Fv2%2Fmedia&parent=3263"}],"wp:term":[{"taxonomy":"post_tag","embeddable":true,"href":"http:\/\/www.iconemediationsante.fr\/icone-new\/index.php?rest_route=%2Fwp%2Fv2%2Ftags&post=3263"}],"curies":[{"name":"wp","href":"https:\/\/api.w.org\/{rel}","templated":true}]}}