{"id":3245,"date":"2016-01-31T11:48:46","date_gmt":"2016-01-31T10:48:46","guid":{"rendered":"http:\/\/..\/?page_id=3245"},"modified":"2026-04-15T13:50:53","modified_gmt":"2026-04-15T12:50:53","slug":"lequipe","status":"publish","type":"page","link":"http:\/\/www.iconemediationsante.fr\/icone-new\/?page_id=3245","title":{"rendered":"L&rsquo;\u00e9quipe"},"content":{"rendered":"<p>\t\t<img width=\"900\" height=\"84\" src=\"http:\/\/www.iconemediationsante.fr\/icone-new\/wp-content\/uploads\/bandeau-valeurs-1600x150.png\" alt=\"\" loading=\"lazy\" srcset=\"https:\/\/www.iconemediationsante.fr\/icone-new\/wp-content\/uploads\/bandeau-valeurs.png 1600w, https:\/\/www.iconemediationsante.fr\/icone-new\/wp-content\/uploads\/bandeau-valeurs-300x28.png 300w, https:\/\/www.iconemediationsante.fr\/icone-new\/wp-content\/uploads\/bandeau-valeurs-768x72.png 768w, https:\/\/www.iconemediationsante.fr\/icone-new\/wp-content\/uploads\/bandeau-valeurs-1030x97.png 1030w, https:\/\/www.iconemediationsante.fr\/icone-new\/wp-content\/uploads\/bandeau-valeurs-250x23.png 250w, https:\/\/www.iconemediationsante.fr\/icone-new\/wp-content\/uploads\/bandeau-valeurs-150x14.png 150w\" sizes=\"(max-width: 900px) 100vw, 900px\" \/>\t\t<\/p>\n<h1>\n\t\t\t\t\tUne \u00e9quipe pluridisciplinaire<br \/>\n\t\t\t\t<\/h1>\n<\/p>\n<p>Une \u00e9quipe aux comp\u00e9tences multiples : <\/p>\n<ul>\n<li>2 m\u00e9decins de sant\u00e9 publique <\/li>\n<li>1 g\u00e9ographe de la sant\u00e9, consultant en d\u00e9veloppement local et sant\u00e9 publique <\/li>\n<li>1 pharmacienne de sant\u00e9 publique<\/li>\n<li> 1 \u00e9conomiste de la sant\u00e9 <\/li>\n<li>1 sociologue de la sant\u00e9 <\/li>\n<li>1 charg\u00e9e d&rsquo;\u00e9tudes<\/li>\n<li>2 assistantes et 1 comptable<\/li>\n<\/ul>\n<hr \/>\n<div class=\"tmm tmm_last_row_centered tmm_team-ims\"><div class=\"tmm_2_columns tmm_wrap \"><span class=\"tmm_two_containers_tablet\"><\/span><div class=\"tmm_container\"><div class=\"tmm_member\" style=\"border-top:#dd0808 solid 5px;\"><div class=\"tmm_photo tmm_phover_team-ims_0\" style=\"background: url(http:\/\/www.iconemediationsante.fr\/icone-new\/wp-content\/uploads\/Vincent-BAUDOT-bis.jpg); margin-left:auto; margin-right:auto; background-size:cover !important;\"><\/div><div class=\"tmm_textblock\"><div class=\"tmm_names\"><span class=\"tmm_fname\">Vincent<\/span> <span class=\"tmm_lname\">BAUDOT<\/span><\/div><div class=\"tmm_job\">G\u00e9ographe de la sant\u00e9, consultant en sant\u00e9 publique<\/div><div class=\"tmm_scblock\"><a target=\"_blank\" class=\"tmm_sociallink\" href=\"http:\/\/www.iconemediationsante.fr\/icone-new\/?page_id=4825#Vincent\" title=\"Plus d'informations\"><img alt=\"Plus d'informations\" src=\"http:\/\/www.iconemediationsante.fr\/icone-new\/wp-content\/plugins\/team-members\/img\/links\/customlink.png\"\/><\/a><\/div><\/div><\/div><div class=\"tmm_member\" style=\"border-top:#dd0808 solid 5px;\"><div class=\"tmm_photo tmm_phover_team-ims_1\" style=\"background: url(http:\/\/www.iconemediationsante.fr\/icone-new\/wp-content\/uploads\/Isabelle-BOURGEOIS-Bis.jpg); margin-left:auto; margin-right:auto; background-size:cover !important;\"><\/div><div class=\"tmm_textblock\"><div class=\"tmm_names\"><span class=\"tmm_fname\">Isabelle<\/span> <span class=\"tmm_lname\">BOURGEOIS<\/span><\/div><div class=\"tmm_job\">Docteur en sociologie, consultante en sant\u00e9 publique<\/div><div class=\"tmm_scblock\"><a target=\"_blank\" class=\"tmm_sociallink\" href=\"http:\/\/www.iconemediationsante.fr\/icone-new\/?page_id=4825#Isabelle\" title=\"\"><img alt=\"\" src=\"http:\/\/www.iconemediationsante.fr\/icone-new\/wp-content\/plugins\/team-members\/img\/links\/customlink.png\"\/><\/a><\/div><\/div><\/div><span class=\"tmm_two_containers_tablet\"><\/span><\/div><span class=\"tmm_columns_containers_desktop\"><\/span><div class=\"tmm_container\"><div class=\"tmm_member\" style=\"border-top:#dd0808 solid 5px;\"><div class=\"tmm_photo tmm_phover_team-ims_2\" style=\"background: url(http:\/\/www.iconemediationsante.fr\/icone-new\/wp-content\/uploads\/Mathilde-COSSON-Bis.jpg); margin-left:auto; margin-right:auto; background-size:cover !important;\"><\/div><div class=\"tmm_textblock\"><div class=\"tmm_names\"><span class=\"tmm_fname\">Mathilde<\/span> <span class=\"tmm_lname\">COSSON<\/span><\/div><div class=\"tmm_job\">Docteur en pharmacie, consultante en Sant\u00e9 Publique<\/div><div class=\"tmm_scblock\"><a target=\"_blank\" class=\"tmm_sociallink\" href=\"http:\/\/www.iconemediationsante.fr\/icone-new\/?page_id=4825#Mathilde\" title=\"\"><img alt=\"\" src=\"http:\/\/www.iconemediationsante.fr\/icone-new\/wp-content\/plugins\/team-members\/img\/links\/customlink.png\"\/><\/a><\/div><\/div><\/div><div class=\"tmm_member\" style=\"border-top:#dd0808 solid 5px;\"><div class=\"tmm_photo tmm_phover_team-ims_3\" style=\"background: url(http:\/\/www.iconemediationsante.fr\/icone-new\/wp-content\/uploads\/G\u00e9rard-DURAND-1.jpg); margin-left:auto; margin-right:auto; background-size:cover !important;\"><\/div><div class=\"tmm_textblock\"><div class=\"tmm_names\"><span class=\"tmm_fname\">G\u00e9rard <\/span> <span class=\"tmm_lname\">DURAND<\/span><\/div><div class=\"tmm_job\">M\u00e9decin, sp\u00e9cialiste en Sant\u00e9 Publique<\/div><div class=\"tmm_scblock\"><a target=\"_blank\" class=\"tmm_sociallink\" href=\"http:\/\/www.iconemediationsante.fr\/icone-new\/?page_id=4825#G\u00e9rard\" title=\"\"><img alt=\"\" src=\"http:\/\/www.iconemediationsante.fr\/icone-new\/wp-content\/plugins\/team-members\/img\/links\/customlink.png\"\/><\/a><\/div><\/div><\/div><span class=\"tmm_two_containers_tablet\"><\/span><\/div><span class=\"tmm_columns_containers_desktop\"><\/span><div class=\"tmm_container\"><div class=\"tmm_member\" style=\"border-top:#dd0808 solid 5px;\"><div class=\"tmm_photo tmm_phover_team-ims_4\" style=\"background: url(http:\/\/www.iconemediationsante.fr\/icone-new\/wp-content\/uploads\/Karelle-LE-GLEUT.jpg); margin-left:auto; margin-right:auto; background-size:cover !important;\"><\/div><div class=\"tmm_textblock\"><div class=\"tmm_names\"><span class=\"tmm_fname\">Karelle<\/span> <span class=\"tmm_lname\">LE GLEUT<\/span><\/div><div class=\"tmm_job\">Economiste de la sant\u00e9, consultante en sant\u00e9 publique<\/div><div class=\"tmm_scblock\"><a target=\"_blank\" class=\"tmm_sociallink\" href=\"http:\/\/www.iconemediationsante.fr\/icone-new\/?page_id=4825#Karelle\" title=\"\"><img alt=\"\" src=\"http:\/\/www.iconemediationsante.fr\/icone-new\/wp-content\/plugins\/team-members\/img\/links\/customlink.png\"\/><\/a><\/div><\/div><\/div><div class=\"tmm_member\" style=\"border-top:#dd0808 solid 5px;\"><div class=\"tmm_photo tmm_phover_team-ims_5\" style=\"background: url(http:\/\/www.iconemediationsante.fr\/icone-new\/wp-content\/uploads\/Emmanuelle-ROBERT-clair.jpg); margin-left:auto; margin-right:auto; background-size:cover !important;\"><\/div><div class=\"tmm_textblock\"><div class=\"tmm_names\"><span class=\"tmm_fname\">Emmanuelle<\/span> <span class=\"tmm_lname\">ROBERT<\/span><\/div><div class=\"tmm_job\">M\u00e9decin, consultante en sant\u00e9 publique<\/div><div class=\"tmm_scblock\"><a target=\"_blank\" class=\"tmm_sociallink\" href=\"http:\/\/www.iconemediationsante.fr\/icone-new\/?page_id=4825#Emmanuelle\" title=\"\"><img alt=\"\" src=\"http:\/\/www.iconemediationsante.fr\/icone-new\/wp-content\/plugins\/team-members\/img\/links\/customlink.png\"\/><\/a><\/div><\/div><\/div><span class=\"tmm_two_containers_tablet\"><\/span><\/div><span class=\"tmm_columns_containers_desktop\"><\/span><div class=\"tmm_container\"><div class=\"tmm_member\" style=\"border-top:#dd0808 solid 5px;\"><div class=\"tmm_photo tmm_phover_team-ims_6\" style=\"background: url(http:\/\/www.iconemediationsante.fr\/icone-new\/wp-content\/uploads\/C\u00e9line-LORANDEL-bis-.jpg); margin-left:auto; margin-right:auto; background-size:cover !important;\"><\/div><div class=\"tmm_textblock\"><div class=\"tmm_names\"><span class=\"tmm_fname\">C\u00e9line<\/span> <span class=\"tmm_lname\">LORANDEL<\/span><\/div><div class=\"tmm_job\">Charg\u00e9e d'\u00e9tudes et assistante<\/div><div class=\"tmm_scblock\"><a target=\"_blank\" class=\"tmm_sociallink\" href=\"http:\/\/www.iconemediationsante.fr\/icone-new\/?page_id=4825#C\u00e9line\" title=\"\"><img alt=\"\" src=\"http:\/\/www.iconemediationsante.fr\/icone-new\/wp-content\/plugins\/team-members\/img\/links\/customlink.png\"\/><\/a><\/div><\/div><\/div><div class=\"tmm_member\" style=\"border-top:#dd0808 solid 5px;\"><div class=\"tmm_photo tmm_phover_team-ims_7\" style=\"background: url(http:\/\/www.iconemediationsante.fr\/icone-new\/wp-content\/uploads\/Christine-GUYOT.jpg); margin-left:auto; margin-right:auto; background-size:cover !important;\"><\/div><div class=\"tmm_textblock\"><div class=\"tmm_names\"><span class=\"tmm_fname\">Christine<\/span> <span class=\"tmm_lname\">GUYOT<\/span><\/div><div class=\"tmm_job\">Assistante<\/div><div class=\"tmm_scblock\"><\/div><\/div><\/div><span class=\"tmm_two_containers_tablet\"><\/span><\/div><span class=\"tmm_columns_containers_desktop\"><\/span><div class=\"tmm_container\"><div class=\"tmm_member\" style=\"border-top:#dd0808 solid 5px;\"><div class=\"tmm_photo tmm_phover_team-ims_8\" style=\"background: url(http:\/\/www.iconemediationsante.fr\/icone-new\/wp-content\/uploads\/Genevieve-CRETUAL-scaled.jpg); margin-left:auto; margin-right:auto; background-size:cover !important;\"><\/div><div class=\"tmm_textblock\"><div class=\"tmm_names\"><span class=\"tmm_fname\">Genevi\u00e8ve <\/span> <span class=\"tmm_lname\">CRETUAL<\/span><\/div><div class=\"tmm_job\">Comptable<\/div><div class=\"tmm_scblock\"><\/div><\/div><\/div><div style=\"clear:both;\"><\/div><\/div><\/div><\/div>\n<p>\t\t\t<a href=\"http:\/\/www.iconemediationsante.fr\/icone-new\/?page_id=4825\"><br \/>\n\t\t\t\t\t\t\t\t\t\tPlus d&rsquo;informations<br \/>\n\t\t\t<\/a><\/p>\n","protected":false},"excerpt":{"rendered":"<p>Une \u00e9quipe pluridisciplinaire Une \u00e9quipe aux comp\u00e9tences multiples : 2 m\u00e9decins de sant\u00e9 publique 1 g\u00e9ographe de la sant\u00e9, consultant en d\u00e9veloppement local et sant\u00e9 publique 1 pharmacienne de sant\u00e9 publique 1 \u00e9conomiste de la sant\u00e9 1 sociologue de la sant\u00e9 1 charg\u00e9e d&rsquo;\u00e9tudes 2 assistantes et 1 comptable Plus\u2026<\/p>\n<p> <a class=\"continue-reading-link\" href=\"http:\/\/www.iconemediationsante.fr\/icone-new\/?tmm=team-ims\"><span>Lire la suite<\/span><i class=\"icon-right-dir\"><\/i><\/a><\/p>\n","protected":false},"author":1,"featured_media":0,"parent":4659,"menu_order":0,"comment_status":"closed","ping_status":"closed","template":"","meta":[],"tags":[],"_links":{"self":[{"href":"http:\/\/www.iconemediationsante.fr\/icone-new\/index.php?rest_route=\/wp\/v2\/pages\/3245"}],"collection":[{"href":"http:\/\/www.iconemediationsante.fr\/icone-new\/index.php?rest_route=\/wp\/v2\/pages"}],"about":[{"href":"http:\/\/www.iconemediationsante.fr\/icone-new\/index.php?rest_route=\/wp\/v2\/types\/page"}],"author":[{"embeddable":true,"href":"http:\/\/www.iconemediationsante.fr\/icone-new\/index.php?rest_route=\/wp\/v2\/users\/1"}],"replies":[{"embeddable":true,"href":"http:\/\/www.iconemediationsante.fr\/icone-new\/index.php?rest_route=%2Fwp%2Fv2%2Fcomments&post=3245"}],"version-history":[{"count":66,"href":"http:\/\/www.iconemediationsante.fr\/icone-new\/index.php?rest_route=\/wp\/v2\/pages\/3245\/revisions"}],"predecessor-version":[{"id":5624,"href":"http:\/\/www.iconemediationsante.fr\/icone-new\/index.php?rest_route=\/wp\/v2\/pages\/3245\/revisions\/5624"}],"up":[{"embeddable":true,"href":"http:\/\/www.iconemediationsante.fr\/icone-new\/index.php?rest_route=\/wp\/v2\/pages\/4659"}],"wp:attachment":[{"href":"http:\/\/www.iconemediationsante.fr\/icone-new\/index.php?rest_route=%2Fwp%2Fv2%2Fmedia&parent=3245"}],"wp:term":[{"taxonomy":"post_tag","embeddable":true,"href":"http:\/\/www.iconemediationsante.fr\/icone-new\/index.php?rest_route=%2Fwp%2Fv2%2Ftags&post=3245"}],"curies":[{"name":"wp","href":"https:\/\/api.w.org\/{rel}","templated":true}]}}